{"id":2,"date":"2023-04-18T19:53:20","date_gmt":"2023-04-18T22:53:20","guid":{"rendered":"https:\/\/midiacluster.com.br\/?page_id=2"},"modified":"2026-04-04T20:19:19","modified_gmt":"2026-04-04T23:19:19","slug":"equipe-responsavel","status":"publish","type":"page","link":"https:\/\/midiacluster.com.br\/index.php\/equipe-responsavel\/","title":{"rendered":"Equipe respons\u00e1vel"},"content":{"rendered":"\n<p class=\"has-text-align-left\"><strong>Coordenador do projeto<\/strong><br>Prof. Fernando Santor<\/p>\n\n\n\n<p class=\"has-text-align-left\"><strong>Equipe executora 2026<\/strong><br>Ana Carolina Camargo de Arruda<br>Byanca Modesto de Ara\u00fajo<br>Camille Ferrer da Rocha Silva<br>Eduardo Luis Goldschmidt<br>Emanueli dos Santos Pitaluga<br>Helena Pinto Caetano<br>Isabela Fernanda Siqueira No\u00e9<br>Leonardo Pedro Soares<br>L\u00edvia Guedes da Rosa<br>Maria Clara Santos de Lima<br>Nathalia Vieira Krause<br>Octavio de Lira Barboza<br>Raffaela dos Santos Nunes<br>Riquelme Eduardo Bonelli Spadacini<br>Roger Rodrigues Machado<br>Samia Bottari Moreira<br>Thiffany Colpo Martins<br>Vitoria Mendonca De Medeiros<br>Vitoria Rodrigues Dias<br>Yohanna Vitoria Braz Dri<br><br><strong>Equipe executora 2025<\/strong><br>Agnes Teixeira de Carvalho Ferreira<br>Camila Savaglia Pedroso<br>Carolina Char\u00e3o dos Santos<br>Daiane Streb dos Santos de Oliveira<br>Eduarda Ramos de Menezes<br>Erica dos Santos Machado<br>Gabriel Mendon\u00e7a de Medeiros<br>Giovanna Pereira Machado<br>Isabely Nunes Terra<br>Izac Sauzedo Gon\u00e7alves<br>Joao Pedro de Moura da Silva<br>Kamyla da Rocha Roppa<br>Leonardo Floriano Melo<br>Lucas Oliveira Magalh\u00e3es de Lima<br>Luis Augusto Dutra Miranda<br>Luiza Klein Dalben<br>Marcella Pietra Azevedo Motta<br>Marcos Belladona Merljak<br>Maria Luisa Chagas Prado da Silva<br>Maria Luiza de Castro Lagreca<br>Nicole Pires da Silva<br>Pedro Rogge Mugnaini<br>Roberta Rios Zubiaurre<br>Thatiane Cardoso da Silva<\/p>\n\n\n\n<p class=\"has-text-align-left\"><\/p>\n\n\n\n<p class=\"has-text-align-center\"><\/p>\n","protected":false},"excerpt":{"rendered":"<p>Coordenador do projetoProf. Fernando Santor Equipe executora 2026Ana Carolina Camargo de ArrudaByanca Modesto de Ara\u00fajoCamille Ferrer da Rocha SilvaEduardo Luis GoldschmidtEmanueli dos Santos PitalugaHelena Pinto CaetanoIsabela Fernanda Siqueira No\u00e9Leonardo Pedro SoaresL\u00edvia Guedes da RosaMaria Clara Santos de LimaNathalia Vieira KrauseOctavio de Lira BarbozaRaffaela dos Santos NunesRiquelme Eduardo Bonelli SpadaciniRoger Rodrigues MachadoSamia Bottari MoreiraThiffany Colpo MartinsVitoria [&hellip;]<\/p>\n","protected":false},"author":1,"featured_media":0,"parent":0,"menu_order":0,"comment_status":"closed","ping_status":"closed","template":"","meta":{"footnotes":""},"class_list":["post-2","page","type-page","status-publish","hentry"],"blocksy_meta":[],"_links":{"self":[{"href":"https:\/\/midiacluster.com.br\/index.php\/wp-json\/wp\/v2\/pages\/2","targetHints":{"allow":["GET"]}}],"collection":[{"href":"https:\/\/midiacluster.com.br\/index.php\/wp-json\/wp\/v2\/pages"}],"about":[{"href":"https:\/\/midiacluster.com.br\/index.php\/wp-json\/wp\/v2\/types\/page"}],"author":[{"embeddable":true,"href":"https:\/\/midiacluster.com.br\/index.php\/wp-json\/wp\/v2\/users\/1"}],"replies":[{"embeddable":true,"href":"https:\/\/midiacluster.com.br\/index.php\/wp-json\/wp\/v2\/comments?post=2"}],"version-history":[{"count":6,"href":"https:\/\/midiacluster.com.br\/index.php\/wp-json\/wp\/v2\/pages\/2\/revisions"}],"predecessor-version":[{"id":193,"href":"https:\/\/midiacluster.com.br\/index.php\/wp-json\/wp\/v2\/pages\/2\/revisions\/193"}],"wp:attachment":[{"href":"https:\/\/midiacluster.com.br\/index.php\/wp-json\/wp\/v2\/media?parent=2"}],"curies":[{"name":"wp","href":"https:\/\/api.w.org\/{rel}","templated":true}]}}